{"id":858,"date":"2021-05-17T09:18:25","date_gmt":"2021-05-17T09:18:25","guid":{"rendered":"https:\/\/www.impulsoenergia.eu\/politica-de-privacidad\/"},"modified":"2021-10-26T07:51:22","modified_gmt":"2021-10-26T07:51:22","slug":"politica-de-privacitat","status":"publish","type":"page","link":"https:\/\/www.impulsoenergia.eu\/ca\/politica-de-privacitat\/","title":{"rendered":"Pol\u00edtica de privacitat"},"content":{"rendered":"<p>Les dades personals recollides o generades quan es comuniqui amb IMPULSO SAGE, S.L., inclosos els correus electr\u00f2nics, seran tractats per IMPULSO SAGE, S.L. en base a la relaci\u00f3 professional existent, i a fi efecte de gestionar aquesta relaci\u00f3 professional, complir amb les obligacions legals corresponents i, si s\u2019escau, informar-lo de l\u2019actualitat jur\u00eddica si obtenim el seu consentiment o si tenim un inter\u00e8s leg\u00edtim per la relaci\u00f3 generada amb vost\u00e8. Les seves dades seran conservades mentre segueixi en vigor la relaci\u00f3 de contacte professional i, posteriorment, mentre hi hagi responsabilitats legals o contractuals o mentre vost\u00e8 no s\u2019oposi a l\u2019enviament d\u2019informaci\u00f3 legal. Pot exercir els drets d\u2019acc\u00e9s, rectificaci\u00f3, supressi\u00f3, limitaci\u00f3 i portabilitat, quan corresponguin, a info@lenteimpulso.com. Igualment, podr\u00e0 formular reclamacions davant l\u2019autoritat competent. L\u2019informem que les seves dades no seran cedides a cap tercer, llevat de: a) les empreses del Grup; (b) que en tinguem obligaci\u00f3 legal, o (c) que li ho indiquem expressament i puguin tenir-hi acc\u00e9s prestadors de serveis de sistemes, eines de tecnologia o altres assessors amb els quals, atenent a la seva sol\u00b7licitud, ens haguem de posar en contacte.<\/p>\n<p>&nbsp;<\/p>\n<p>IMPULSO SAGE, S.L. protegeix les dades personals segons all\u00f2 que estableix el Reglament (UE) 2016\/679 del Parlament i del Consell, de 27 d\u2019abril de 2016, relatiu a la protecci\u00f3 de les persones f\u00edsiques pel que fa al tractament de dades personals i a la lliure circulaci\u00f3 d\u2019aquestes, a fi efecte que es respectin les llibertats i els drets fonamentals de les persones a les qui pertanyen les dades.<\/p>\n<p>Les seves dades seran tractades amb la m\u00e0xima confidencialitat per gestionar la nostra relaci\u00f3 comercial. Les dades es conservaran fins que se\u2019n sol\u00b7liciti la supressi\u00f3 a l\u2019adre\u00e7a info@lenteimpulso.com, o fins quan ho estableixi una disposici\u00f3 legal. Pot presentar una reclamaci\u00f3 davant l\u2019autoritat de control competent (www.aepd.es) si considera que el tractament no s\u2019ajusta a la normativa vigent.<\/p>\n<p>IMPULSO SAGE, S.L. est\u00e0 legitimada per tractar les seves dades perqu\u00e8 s\u00f3n necess\u00e0ries per prestar el servei sol\u00b7licitat o per mitj\u00e0 del consentiment que ens atorga en els diferents formularis de contacte del web.<\/p>\n<p>Les dades no se cediran a tercers llevat dels casos en qu\u00e8 hi hagi una obligaci\u00f3 legal.<\/p>\n<p>Per exercir els drets d\u2019acc\u00e9s, rectificaci\u00f3, supressi\u00f3 i portabilitat de les vostres dades, i la limitaci\u00f3 o oposici\u00f3 al seu tractament, us heu d\u2019adre\u00e7ar per escrit a info@lenteimpulso.com<\/p>\n<p>Els usuaris, per mitj\u00e0 de la selecci\u00f3 de les caselles corresponents i l\u2019anotaci\u00f3 de dades als camps assenyalats amb un asterisc (*) al formulari de contacte, o presentats en formularis de desc\u00e0rrega, accepten expressament i de forma lliure i inequ\u00edvoca, que les seves dades s\u00f3n necess\u00e0ries per atendre la seva petici\u00f3, per part del prestador, romanent volunt\u00e0ria la inclusi\u00f3 de dades als camps restants. L\u2019usuari garanteix  que les dades personals facilitades s\u00f3n veraces, i es fa responsable de comunicar-ne qualsevol modificaci\u00f3.<\/p>\n<p>IMPULSO SAGE, S.L. informa i garanteix expressament als usuaris que les seves dades personals no seran cedides en cap cas a tercers, i que sempre que realitzi alguna mena de cessi\u00f3 de dades personals, es demanar\u00e0 pr\u00e8viament el consentiment expr\u00e9s, informat i inequ\u00edvoc per part dels usuaris. Totes les dades sol\u00b7licitades a trav\u00e9s de web s\u00f3n obligat\u00f2ries, ja que s\u00f3n necess\u00e0ries per a la prestaci\u00f3 d\u2019un servei \u00f2ptim a l\u2019usuari. En cas que no es facilitin totes les dades, no es garanteix que la informaci\u00f3 i els serveis facilitats s\u2019ajustin completament a les seves necessitats.<\/p>\n<p>IMPULSO SAGE, S.L. est\u00e0 complint amb totes les disposicions de les normatives pel tractament de les dades personals de la seva responsabilitat, i amb els principis descrits a l\u2019article 5 del GDPR, pels quals s\u00f3n tractats de manera l\u00edcita, fidel i transparent en relaci\u00f3 amb l\u2019interessat, i adequats, pertinents i limitats a all\u00f2 necessari en relaci\u00f3 amb els fins pels que s\u00f3n tractats.<\/p>\n<p>IMPULSO SAGE, S.L. garanteix que ha implementat pol\u00edtiques t\u00e8cniques i organitzatives apropiades per aplicar les mesures de seguretat que estableix el GDPR a fi efecte de protegir els drets i llibertats dels usuaris, i els ha comunicat la informaci\u00f3 adequada per qu\u00e8 puguin exercir-los.<\/p>\n<p>Adre\u00e7a: Ronda President Irla, 28 08302 Matar\u00f3, Catalunya, Espanya<br \/>\nTel.: +34 93 548 24 26<br \/>\nE-mail:\u00a0<a href=\"mailto:info@lenteimpulso.com\">info@lenteimpulso.com<\/a><\/p>\n","protected":false},"excerpt":{"rendered":"<p>Les dades personals recollides o generades quan es comuniqui amb IMPULSO SAGE, S.L., inclosos els correus electr\u00f2nics, seran tractats per [&hellip;]<\/p>\n","protected":false},"author":1,"featured_media":0,"parent":0,"menu_order":0,"comment_status":"closed","ping_status":"closed","template":"","meta":{"_acf_changed":false,"footnotes":""},"class_list":["post-858","page","type-page","status-publish","hentry"],"acf":[],"yoast_head":"<!-- This site is optimized with the Yoast SEO plugin v25.6 - https:\/\/yoast.com\/wordpress\/plugins\/seo\/ -->\n<title>Pol\u00edtica de privacitat - Impulso Energ\u00eda<\/title>\n<meta name=\"robots\" content=\"noindex, nofollow\" \/>\n<meta property=\"og:locale\" content=\"ca_ES\" \/>\n<meta property=\"og:type\" content=\"article\" \/>\n<meta property=\"og:title\" content=\"Pol\u00edtica de privacitat - Impulso Energ\u00eda\" \/>\n<meta property=\"og:description\" content=\"Les dades personals recollides o generades quan es comuniqui amb IMPULSO SAGE, S.L., inclosos els correus electr\u00f2nics, seran tractats per [&hellip;]\" \/>\n<meta property=\"og:url\" content=\"https:\/\/www.impulsoenergia.eu\/ca\/politica-de-privacitat\/\" \/>\n<meta property=\"og:site_name\" content=\"Impulso Energ\u00eda\" \/>\n<meta property=\"article:modified_time\" content=\"2021-10-26T07:51:22+00:00\" \/>\n<meta name=\"twitter:card\" content=\"summary_large_image\" \/>\n<meta name=\"twitter:label1\" content=\"Est. reading time\" \/>\n\t<meta name=\"twitter:data1\" content=\"4 minutes\" \/>\n<script type=\"application\/ld+json\" class=\"yoast-schema-graph\">{\"@context\":\"https:\/\/schema.org\",\"@graph\":[{\"@type\":\"WebPage\",\"@id\":\"https:\/\/www.impulsoenergia.eu\/ca\/politica-de-privacitat\/\",\"url\":\"https:\/\/www.impulsoenergia.eu\/ca\/politica-de-privacitat\/\",\"name\":\"Pol\u00edtica de privacitat - Impulso Energ\u00eda\",\"isPartOf\":{\"@id\":\"https:\/\/www.impulsoenergia.eu\/#website\"},\"datePublished\":\"2021-05-17T09:18:25+00:00\",\"dateModified\":\"2021-10-26T07:51:22+00:00\",\"breadcrumb\":{\"@id\":\"https:\/\/www.impulsoenergia.eu\/ca\/politica-de-privacitat\/#breadcrumb\"},\"inLanguage\":\"ca\",\"potentialAction\":[{\"@type\":\"ReadAction\",\"target\":[\"https:\/\/www.impulsoenergia.eu\/ca\/politica-de-privacitat\/\"]}]},{\"@type\":\"BreadcrumbList\",\"@id\":\"https:\/\/www.impulsoenergia.eu\/ca\/politica-de-privacitat\/#breadcrumb\",\"itemListElement\":[{\"@type\":\"ListItem\",\"position\":1,\"name\":\"Portada\",\"item\":\"https:\/\/www.impulsoenergia.eu\/ca\/\"},{\"@type\":\"ListItem\",\"position\":2,\"name\":\"Pol\u00edtica de privacitat\"}]},{\"@type\":\"WebSite\",\"@id\":\"https:\/\/www.impulsoenergia.eu\/#website\",\"url\":\"https:\/\/www.impulsoenergia.eu\/\",\"name\":\"Impulso Energ\u00eda\",\"description\":\"Desarrollo e inversi\u00f3n en los sectores de la energ\u00eda y el agua\",\"publisher\":{\"@id\":\"https:\/\/www.impulsoenergia.eu\/#organization\"},\"potentialAction\":[{\"@type\":\"SearchAction\",\"target\":{\"@type\":\"EntryPoint\",\"urlTemplate\":\"https:\/\/www.impulsoenergia.eu\/?s={search_term_string}\"},\"query-input\":{\"@type\":\"PropertyValueSpecification\",\"valueRequired\":true,\"valueName\":\"search_term_string\"}}],\"inLanguage\":\"ca\"},{\"@type\":\"Organization\",\"@id\":\"https:\/\/www.impulsoenergia.eu\/#organization\",\"name\":\"Impulso Energ\u00eda\",\"url\":\"https:\/\/www.impulsoenergia.eu\/\",\"logo\":{\"@type\":\"ImageObject\",\"inLanguage\":\"ca\",\"@id\":\"https:\/\/www.impulsoenergia.eu\/#\/schema\/logo\/image\/\",\"url\":\"https:\/\/www.impulsoenergia.eu\/custom\/uploads\/2022\/09\/logo-impulso.jpg\",\"contentUrl\":\"https:\/\/www.impulsoenergia.eu\/custom\/uploads\/2022\/09\/logo-impulso.jpg\",\"width\":232,\"height\":75,\"caption\":\"Impulso Energ\u00eda\"},\"image\":{\"@id\":\"https:\/\/www.impulsoenergia.eu\/#\/schema\/logo\/image\/\"}}]}<\/script>\n<!-- \/ Yoast SEO plugin. -->","yoast_head_json":{"title":"Pol\u00edtica de privacitat - Impulso Energ\u00eda","robots":{"index":"noindex","follow":"nofollow"},"og_locale":"ca_ES","og_type":"article","og_title":"Pol\u00edtica de privacitat - Impulso Energ\u00eda","og_description":"Les dades personals recollides o generades quan es comuniqui amb IMPULSO SAGE, S.L., inclosos els correus electr\u00f2nics, seran tractats per [&hellip;]","og_url":"https:\/\/www.impulsoenergia.eu\/ca\/politica-de-privacitat\/","og_site_name":"Impulso Energ\u00eda","article_modified_time":"2021-10-26T07:51:22+00:00","twitter_card":"summary_large_image","twitter_misc":{"Est. reading time":"4 minutes"},"schema":{"@context":"https:\/\/schema.org","@graph":[{"@type":"WebPage","@id":"https:\/\/www.impulsoenergia.eu\/ca\/politica-de-privacitat\/","url":"https:\/\/www.impulsoenergia.eu\/ca\/politica-de-privacitat\/","name":"Pol\u00edtica de privacitat - Impulso Energ\u00eda","isPartOf":{"@id":"https:\/\/www.impulsoenergia.eu\/#website"},"datePublished":"2021-05-17T09:18:25+00:00","dateModified":"2021-10-26T07:51:22+00:00","breadcrumb":{"@id":"https:\/\/www.impulsoenergia.eu\/ca\/politica-de-privacitat\/#breadcrumb"},"inLanguage":"ca","potentialAction":[{"@type":"ReadAction","target":["https:\/\/www.impulsoenergia.eu\/ca\/politica-de-privacitat\/"]}]},{"@type":"BreadcrumbList","@id":"https:\/\/www.impulsoenergia.eu\/ca\/politica-de-privacitat\/#breadcrumb","itemListElement":[{"@type":"ListItem","position":1,"name":"Portada","item":"https:\/\/www.impulsoenergia.eu\/ca\/"},{"@type":"ListItem","position":2,"name":"Pol\u00edtica de privacitat"}]},{"@type":"WebSite","@id":"https:\/\/www.impulsoenergia.eu\/#website","url":"https:\/\/www.impulsoenergia.eu\/","name":"Impulso Energ\u00eda","description":"Desarrollo e inversi\u00f3n en los sectores de la energ\u00eda y el agua","publisher":{"@id":"https:\/\/www.impulsoenergia.eu\/#organization"},"potentialAction":[{"@type":"SearchAction","target":{"@type":"EntryPoint","urlTemplate":"https:\/\/www.impulsoenergia.eu\/?s={search_term_string}"},"query-input":{"@type":"PropertyValueSpecification","valueRequired":true,"valueName":"search_term_string"}}],"inLanguage":"ca"},{"@type":"Organization","@id":"https:\/\/www.impulsoenergia.eu\/#organization","name":"Impulso Energ\u00eda","url":"https:\/\/www.impulsoenergia.eu\/","logo":{"@type":"ImageObject","inLanguage":"ca","@id":"https:\/\/www.impulsoenergia.eu\/#\/schema\/logo\/image\/","url":"https:\/\/www.impulsoenergia.eu\/custom\/uploads\/2022\/09\/logo-impulso.jpg","contentUrl":"https:\/\/www.impulsoenergia.eu\/custom\/uploads\/2022\/09\/logo-impulso.jpg","width":232,"height":75,"caption":"Impulso Energ\u00eda"},"image":{"@id":"https:\/\/www.impulsoenergia.eu\/#\/schema\/logo\/image\/"}}]}},"_links":{"self":[{"href":"https:\/\/www.impulsoenergia.eu\/ca\/wp-json\/wp\/v2\/pages\/858","targetHints":{"allow":["GET"]}}],"collection":[{"href":"https:\/\/www.impulsoenergia.eu\/ca\/wp-json\/wp\/v2\/pages"}],"about":[{"href":"https:\/\/www.impulsoenergia.eu\/ca\/wp-json\/wp\/v2\/types\/page"}],"author":[{"embeddable":true,"href":"https:\/\/www.impulsoenergia.eu\/ca\/wp-json\/wp\/v2\/users\/1"}],"replies":[{"embeddable":true,"href":"https:\/\/www.impulsoenergia.eu\/ca\/wp-json\/wp\/v2\/comments?post=858"}],"version-history":[{"count":1,"href":"https:\/\/www.impulsoenergia.eu\/ca\/wp-json\/wp\/v2\/pages\/858\/revisions"}],"predecessor-version":[{"id":859,"href":"https:\/\/www.impulsoenergia.eu\/ca\/wp-json\/wp\/v2\/pages\/858\/revisions\/859"}],"wp:attachment":[{"href":"https:\/\/www.impulsoenergia.eu\/ca\/wp-json\/wp\/v2\/media?parent=858"}],"curies":[{"name":"wp","href":"https:\/\/api.w.org\/{rel}","templated":true}]}}

Política de privacitat

<p>Les dades personals recollides o generades quan es comuniqui amb IMPULSO SAGE, S.L., inclosos els correus electrònics, seran tractats per IMPULSO SAGE, S.L. en base a la relació professional existent, i a fi efecte de gestionar aquesta relació professional, complir amb les obligacions legals corresponents i, si s’escau, informar-lo de l’actualitat jurídica si obtenim el seu consentiment o si tenim un interès legítim per la relació generada amb vostè. Les seves dades seran conservades mentre segueixi en vigor la relació de contacte professional i, posteriorment, mentre hi hagi responsabilitats legals o contractuals o mentre vostè no s’oposi a l’enviament d’informació legal. Pot exercir els drets d’accés, rectificació, supressió, limitació i portabilitat, quan corresponguin, a info@lenteimpulso.com. Igualment, podrà formular reclamacions davant l’autoritat competent. L’informem que les seves dades no seran cedides a cap tercer, llevat de: a) les empreses del Grup; (b) que en tinguem obligació legal, o (c) que li ho indiquem expressament i puguin tenir-hi accés prestadors de serveis de sistemes, eines de tecnologia o altres assessors amb els quals, atenent a la seva sol·licitud, ens haguem de posar en contacte.</p>
<p>&nbsp;</p>
<p>IMPULSO SAGE, S.L. protegeix les dades personals segons allò que estableix el Reglament (UE) 2016/679 del Parlament i del Consell, de 27 d’abril de 2016, relatiu a la protecció de les persones físiques pel que fa al tractament de dades personals i a la lliure circulació d’aquestes, a fi efecte que es respectin les llibertats i els drets fonamentals de les persones a les qui pertanyen les dades.</p>
<p>Les seves dades seran tractades amb la màxima confidencialitat per gestionar la nostra relació comercial. Les dades es conservaran fins que se’n sol·liciti la supressió a l’adreça info@lenteimpulso.com, o fins quan ho estableixi una disposició legal. Pot presentar una reclamació davant l’autoritat de control competent (www.aepd.es) si considera que el tractament no s’ajusta a la normativa vigent.</p>
<p>IMPULSO SAGE, S.L. està legitimada per tractar les seves dades perquè són necessàries per prestar el servei sol·licitat o per mitjà del consentiment que ens atorga en els diferents formularis de contacte del web.</p>
<p>Les dades no se cediran a tercers llevat dels casos en què hi hagi una obligació legal.</p>
<p>Per exercir els drets d’accés, rectificació, supressió i portabilitat de les vostres dades, i la limitació o oposició al seu tractament, us heu d’adreçar per escrit a info@lenteimpulso.com</p>
<p>Els usuaris, per mitjà de la selecció de les caselles corresponents i l’anotació de dades als camps assenyalats amb un asterisc (*) al formulari de contacte, o presentats en formularis de descàrrega, accepten expressament i de forma lliure i inequívoca, que les seves dades són necessàries per atendre la seva petició, per part del prestador, romanent voluntària la inclusió de dades als camps restants. L’usuari garanteix  que les dades personals facilitades són veraces, i es fa responsable de comunicar-ne qualsevol modificació.</p>
<p>IMPULSO SAGE, S.L. informa i garanteix expressament als usuaris que les seves dades personals no seran cedides en cap cas a tercers, i que sempre que realitzi alguna mena de cessió de dades personals, es demanarà prèviament el consentiment exprés, informat i inequívoc per part dels usuaris. Totes les dades sol·licitades a través de web són obligatòries, ja que són necessàries per a la prestació d’un servei òptim a l’usuari. En cas que no es facilitin totes les dades, no es garanteix que la informació i els serveis facilitats s’ajustin completament a les seves necessitats.</p>
<p>IMPULSO SAGE, S.L. està complint amb totes les disposicions de les normatives pel tractament de les dades personals de la seva responsabilitat, i amb els principis descrits a l’article 5 del GDPR, pels quals són tractats de manera lícita, fidel i transparent en relació amb l’interessat, i adequats, pertinents i limitats a allò necessari en relació amb els fins pels que són tractats.</p>
<p>IMPULSO SAGE, S.L. garanteix que ha implementat polítiques tècniques i organitzatives apropiades per aplicar les mesures de seguretat que estableix el GDPR a fi efecte de protegir els drets i llibertats dels usuaris, i els ha comunicat la informació adequada per què puguin exercir-los.</p>
<p>Adreça: Ronda President Irla, 28 08302 Mataró, Catalunya, Espanya<br />
Tel.: +34 93 548 24 26<br />
E-mail: <a href="mailto:info@lenteimpulso.com">info@lenteimpulso.com</a></p>

<p>Les dades personals recollides o generades quan es comuniqui amb IMPULSO SAGE, S.L., inclosos els correus electrònics, seran tractats per [&hellip;]</p>

<!-- This site is optimized with the Yoast SEO plugin v25.6 - https://yoast.com/wordpress/plugins/seo/ -->
<title>Política de privacitat - Impulso Energía</title>
<meta name="robots" content="noindex, nofollow" />
<meta property="og:locale" content="ca_ES" />
<meta property="og:type" content="article" />
<meta property="og:title" content="Política de privacitat - Impulso Energía" />
<meta property="og:description" content="Les dades personals recollides o generades quan es comuniqui amb IMPULSO SAGE, S.L., inclosos els correus electrònics, seran tractats per [&hellip;]" />
<meta property="og:url" content="https://www.impulsoenergia.eu/ca/politica-de-privacitat/" />
<meta property="og:site_name" content="Impulso Energía" />
<meta property="article:modified_time" content="2021-10-26T07:51:22+00:00" />
<meta name="twitter:card" content="summary_large_image" />
<meta name="twitter:label1" content="Est. reading time" />
	<meta name="twitter:data1" content="4 minutes" />
<script type="application/ld+json" class="yoast-schema-graph">{"@context":"https://schema.org","@graph":[{"@type":"WebPage","@id":"https://www.impulsoenergia.eu/ca/politica-de-privacitat/","url":"https://www.impulsoenergia.eu/ca/politica-de-privacitat/","name":"Política de privacitat - Impulso Energía","isPartOf":{"@id":"https://www.impulsoenergia.eu/#website"},"datePublished":"2021-05-17T09:18:25+00:00","dateModified":"2021-10-26T07:51:22+00:00","breadcrumb":{"@id":"https://www.impulsoenergia.eu/ca/politica-de-privacitat/#breadcrumb"},"inLanguage":"ca","potentialAction":[{"@type":"ReadAction","target":["https://www.impulsoenergia.eu/ca/politica-de-privacitat/"]}]},{"@type":"BreadcrumbList","@id":"https://www.impulsoenergia.eu/ca/politica-de-privacitat/#breadcrumb","itemListElement":[{"@type":"ListItem","position":1,"name":"Portada","item":"https://www.impulsoenergia.eu/ca/"},{"@type":"ListItem","position":2,"name":"Política de privacitat"}]},{"@type":"WebSite","@id":"https://www.impulsoenergia.eu/#website","url":"https://www.impulsoenergia.eu/","name":"Impulso Energía","description":"Desarrollo e inversión en los sectores de la energía y el agua","publisher":{"@id":"https://www.impulsoenergia.eu/#organization"},"potentialAction":[{"@type":"SearchAction","target":{"@type":"EntryPoint","urlTemplate":"https://www.impulsoenergia.eu/?s={search_term_string}"},"query-input":{"@type":"PropertyValueSpecification","valueRequired":true,"valueName":"search_term_string"}}],"inLanguage":"ca"},{"@type":"Organization","@id":"https://www.impulsoenergia.eu/#organization","name":"Impulso Energía","url":"https://www.impulsoenergia.eu/","logo":{"@type":"ImageObject","inLanguage":"ca","@id":"https://www.impulsoenergia.eu/#/schema/logo/image/","url":"https://www.impulsoenergia.eu/custom/uploads/2022/09/logo-impulso.jpg","contentUrl":"https://www.impulsoenergia.eu/custom/uploads/2022/09/logo-impulso.jpg","width":232,"height":75,"caption":"Impulso Energía"},"image":{"@id":"https://www.impulsoenergia.eu/#/schema/logo/image/"}}]}</script>
<!-- / Yoast SEO plugin. -->

Política de privacitat - Impulso Energía

Les dades personals recollides o generades quan es comuniqui amb IMPULSO SAGE, S.L., inclosos els correus electrònics, seran tractats per [&hellip;]

Impulso Energía

Desarrollo e inversión en los sectores de la energía y el agua
